{"id":158,"date":"2024-04-03T09:24:16","date_gmt":"2024-04-03T07:24:16","guid":{"rendered":"https:\/\/gite-du-vixard.com\/?page_id=158"},"modified":"2024-04-03T21:09:39","modified_gmt":"2024-04-03T19:09:39","slug":"localisation","status":"publish","type":"page","link":"https:\/\/gite-du-vixard.com\/index.php\/localisation\/","title":{"rendered":"Localisation"},"content":{"rendered":"\n\n\n<div class=\"wp-block-media-text alignwide has-media-on-the-right is-stacked-on-mobile\" style=\"grid-template-columns:auto 58%\"><div class=\"wp-block-media-text__content\">\n<p>Le g\u00eete se trouve dans le Parc Naturel des Ballons des Vosges. Il occupe une position centrale, id\u00e9ale pour randonner dans l&rsquo;ensemble du massif.<\/p>\n\n\n\n<p>Vous y trouverez tous les commerces \u00e0 moins de 5 minutes : boulangerie, supermarch\u00e9, pharmacie, &#8230;<\/p>\n\n\n\n<p>Localit\u00e9s principales \u00e0 proximit\u00e9 :<br>Le Haut du T\u00f4t : 3 kms<br>Vagney : 4 kms<br>Remiremont : 13 kms<br>Gerardmer : 17 kms<br>La Bresse : 19 kms<br><\/p>\n<\/div><figure class=\"wp-block-media-text__media\"><img loading=\"lazy\" decoding=\"async\" width=\"695\" height=\"684\" src=\"https:\/\/gite-du-vixard.com\/wp-content\/uploads\/2024\/03\/Map2.jpg\" alt=\"\" class=\"wp-image-38 size-full\" srcset=\"https:\/\/gite-du-vixard.com\/wp-content\/uploads\/2024\/03\/Map2.jpg 695w, https:\/\/gite-du-vixard.com\/wp-content\/uploads\/2024\/03\/Map2-300x295.jpg 300w, https:\/\/gite-du-vixard.com\/wp-content\/uploads\/2024\/03\/Map2-685x674.jpg 685w\" sizes=\"(max-width: 695px) 100vw, 695px\" \/><\/figure><\/div>\n\n\n\n<div style=\"height:46px\" aria-hidden=\"true\" class=\"wp-block-spacer\"><\/div>\n\n\n\n<div class=\"wp-block-media-text alignwide is-stacked-on-mobile\" style=\"grid-template-columns:58% auto\"><figure class=\"wp-block-media-text__media\"><img loading=\"lazy\" decoding=\"async\" width=\"776\" height=\"657\" src=\"https:\/\/gite-du-vixard.com\/wp-content\/uploads\/2024\/03\/mapvagney.jpg\" alt=\"\" class=\"wp-image-39 size-full\" srcset=\"https:\/\/gite-du-vixard.com\/wp-content\/uploads\/2024\/03\/mapvagney.jpg 776w, https:\/\/gite-du-vixard.com\/wp-content\/uploads\/2024\/03\/mapvagney-300x254.jpg 300w, https:\/\/gite-du-vixard.com\/wp-content\/uploads\/2024\/03\/mapvagney-768x650.jpg 768w, https:\/\/gite-du-vixard.com\/wp-content\/uploads\/2024\/03\/mapvagney-685x580.jpg 685w\" sizes=\"(max-width: 776px) 100vw, 776px\" \/><\/figure><div class=\"wp-block-media-text__content\">\n<p>Adresse : <\/p>\n\n\n\n<p>38 route du Haut du T\u00f4t<br>88120 Vagney<\/p>\n\n\n\n<p>Coordonn\u00e9es GPS :<br>48\u00b002&rsquo;05\u00a0\u00bbN \/ 6\u00b044&rsquo;15\u00a0\u00bbE<br>48.0352964N \/ 6.735184E<\/p>\n\n\n\n<p><a href=\"https:\/\/www.google.com\/maps\/place\/Gite+du+Vixard\/@48.0346186,6.7350451,17z\/data=!3m1!4b1!4m6!3m5!1s0x4793b778ffe84023:0xee23e09cf294ce38!8m2!3d48.034615!4d6.73762!16s%2Fg%2F11cs173090?authuser=0&amp;entry=ttu\">Lien google map<\/a><\/p>\n\n\n\n<p><br><\/p>\n<\/div><\/div>\n\n\n\n<div style=\"height:46px\" aria-hidden=\"true\" class=\"wp-block-spacer\"><\/div>\n","protected":false},"excerpt":{"rendered":"<p>Le g\u00eete se trouve dans le Parc Naturel des Ballons des Vosges. Il occupe une position centrale, id\u00e9ale pour randonner dans l&rsquo;ensemble du massif. Vous y trouverez tous les commerces \u00e0 moins de 5 minutes : boulangerie, supermarch\u00e9, pharmacie, &#8230; Localit\u00e9s principales \u00e0 proximit\u00e9 :Le Haut du T\u00f4t : 3 kmsVagney : 4 kmsRemiremont : [&hellip;]<\/p>\n","protected":false},"author":1,"featured_media":0,"parent":0,"menu_order":0,"comment_status":"closed","ping_status":"closed","template":"","meta":{"footnotes":""},"_links":{"self":[{"href":"https:\/\/gite-du-vixard.com\/index.php\/wp-json\/wp\/v2\/pages\/158"}],"collection":[{"href":"https:\/\/gite-du-vixard.com\/index.php\/wp-json\/wp\/v2\/pages"}],"about":[{"href":"https:\/\/gite-du-vixard.com\/index.php\/wp-json\/wp\/v2\/types\/page"}],"author":[{"embeddable":true,"href":"https:\/\/gite-du-vixard.com\/index.php\/wp-json\/wp\/v2\/users\/1"}],"replies":[{"embeddable":true,"href":"https:\/\/gite-du-vixard.com\/index.php\/wp-json\/wp\/v2\/comments?post=158"}],"version-history":[{"count":5,"href":"https:\/\/gite-du-vixard.com\/index.php\/wp-json\/wp\/v2\/pages\/158\/revisions"}],"predecessor-version":[{"id":228,"href":"https:\/\/gite-du-vixard.com\/index.php\/wp-json\/wp\/v2\/pages\/158\/revisions\/228"}],"wp:attachment":[{"href":"https:\/\/gite-du-vixard.com\/index.php\/wp-json\/wp\/v2\/media?parent=158"}],"curies":[{"name":"wp","href":"https:\/\/api.w.org\/{rel}","templated":true}]}}