{"id":153,"date":"2024-04-03T09:32:20","date_gmt":"2024-04-03T07:32:20","guid":{"rendered":"https:\/\/gite-du-vixard.com\/?page_id=153"},"modified":"2025-07-06T13:23:51","modified_gmt":"2025-07-06T11:23:51","slug":"tarif","status":"publish","type":"page","link":"https:\/\/gite-du-vixard.com\/index.php\/tarif\/","title":{"rendered":"Tarif"},"content":{"rendered":"\n<figure class=\"wp-block-table alignwide\"><table><tbody><tr><td class=\"has-text-align-center\" data-align=\"center\">P\u00e9riode<\/td><td class=\"has-text-align-center\" data-align=\"center\">2025<\/td><td class=\"has-text-align-center\" data-align=\"center\">2026<\/td><td class=\"has-text-align-center\" data-align=\"center\">Semaine<\/td><td class=\"has-text-align-center\" data-align=\"center\">Nuit\u00e9e (min. 2 nuits)<\/td><td>Forfait Nettoyage + draps et serviettes (obligatoire)<\/td><\/tr><tr><td class=\"has-text-align-center\" data-align=\"center\">Hors saison \u00e9t\u00e9<\/td><td class=\"has-text-align-center\" data-align=\"center\">Reste de l&rsquo;ann\u00e9e de mai \u00e0 septembre<\/td><td class=\"has-text-align-center\" data-align=\"center\">Reste de l&rsquo;ann\u00e9e de mai \u00e0 septembre<\/td><td class=\"has-text-align-center\" data-align=\"center\">1050 \u20ac\/semaine<\/td><td class=\"has-text-align-center\" data-align=\"center\">260 \u20ac\/nuit<\/td><td>260 \u20ac\/s\u00e9jour<\/td><\/tr><tr><td class=\"has-text-align-center\" data-align=\"center\">Hors saison hiver<\/td><td class=\"has-text-align-center\" data-align=\"center\">Reste de l&rsquo;ann\u00e9e d&rsquo;octobre \u00e0 avril<\/td><td class=\"has-text-align-center\" data-align=\"center\">Reste de l&rsquo;ann\u00e9e d&rsquo;octobre \u00e0 avril<\/td><td class=\"has-text-align-center\" data-align=\"center\">1150 \u20ac\/semaine<\/td><td class=\"has-text-align-center\" data-align=\"center\">280 \u20ac\/nuit<\/td><td>260 \u20ac\/s\u00e9jour<\/td><\/tr><tr><td class=\"has-text-align-center\" data-align=\"center\">Haute saison \u00e9t\u00e9<\/td><td class=\"has-text-align-center\" data-align=\"center\">Du 5\/07 au 30\/08<\/td><td class=\"has-text-align-center\" data-align=\"center\">Du 4\/07 au 29\/08<\/td><td class=\"has-text-align-center\" data-align=\"center\">1150 \u20ac\/semaine<\/td><td class=\"has-text-align-center\" data-align=\"center\">Min. 7 nuits<\/td><td>260 \u20ac\/s\u00e9jour<\/td><\/tr><tr><td class=\"has-text-align-center\" data-align=\"center\">Vacances d&rsquo;hiver<\/td><td class=\"has-text-align-center\" data-align=\"center\">Du 8\/02 au 8\/03<\/td><td class=\"has-text-align-center\" data-align=\"center\">Du 7\/02 au 7\/03<\/td><td class=\"has-text-align-center\" data-align=\"center\">1300 \u20ac\/semaine<\/td><td class=\"has-text-align-center\" data-align=\"center\">Min. 7 nuits<\/td><td>260 \u20ac\/s\u00e9jour<\/td><\/tr><tr><td class=\"has-text-align-center\" data-align=\"center\">No\u00ebl et Nouvel An<\/td><td class=\"has-text-align-center\" data-align=\"center\">Du 20\/12\/25 au 3\/01\/26<\/td><td class=\"has-text-align-center\" data-align=\"center\">Du 19\/12\/26 au 3\/01\/27<\/td><td class=\"has-text-align-center\" data-align=\"center\">1900 \u20ac\/semaine<\/td><td class=\"has-text-align-center\" data-align=\"center\">Min. 7 nuits<\/td><td>260 \u20ac\/s\u00e9jour<\/td><\/tr><\/tbody><\/table><\/figure>\n\n\n\n<div style=\"height:49px;width:0px\" aria-hidden=\"true\" class=\"wp-block-spacer\"><\/div>\n\n\n\n<pre class=\"wp-block-preformatted\">Capacit\u00e9 du g\u00eete : maximum 12 personnes<br><br>Les animaux ne sont pas admis<br><br>Il est interdit de fumer \u00e0 l'int\u00e9rieur du g\u00eete<br><br>Les s\u00e9jours d'une semaine s'entendent du samedi au samedi : arriv\u00e9e apr\u00e8s 16h \/ d\u00e9part avant 10<br>Les weekends : arriv\u00e9e le vendredi apr\u00e8s 18h \/ d\u00e9part le dimanche avant 16h<br><br>Le prix inclut toutes les charges :<br>- Electricit\u00e9<br>- chauffage<br>- eau<br>- nettoyage en fin de s\u00e9jour<br>- draps et serviettes : les lits sont faits \u00e0 l'arriv\u00e9e.<br><br>Non inclus dans le prix :<br>- Taxes de s\u00e9jour : 4.4% du s\u00e9jour au prorata du nombre d'adultes<br><br>Caution : 500 \u20ac en ch\u00e8que ou esp\u00e8ces  <\/pre>\n","protected":false},"excerpt":{"rendered":"<p>P\u00e9riode 2025 2026 Semaine Nuit\u00e9e (min. 2 nuits) Forfait Nettoyage + draps et serviettes (obligatoire) Hors saison \u00e9t\u00e9 Reste de l&rsquo;ann\u00e9e de mai \u00e0 septembre Reste de l&rsquo;ann\u00e9e de mai \u00e0 septembre 1050 \u20ac\/semaine 260 \u20ac\/nuit 260 \u20ac\/s\u00e9jour Hors saison hiver Reste de l&rsquo;ann\u00e9e d&rsquo;octobre \u00e0 avril Reste de l&rsquo;ann\u00e9e d&rsquo;octobre \u00e0 avril 1150 \u20ac\/semaine [&hellip;]<\/p>\n","protected":false},"author":1,"featured_media":0,"parent":0,"menu_order":0,"comment_status":"closed","ping_status":"closed","template":"","meta":{"footnotes":""},"_links":{"self":[{"href":"https:\/\/gite-du-vixard.com\/index.php\/wp-json\/wp\/v2\/pages\/153"}],"collection":[{"href":"https:\/\/gite-du-vixard.com\/index.php\/wp-json\/wp\/v2\/pages"}],"about":[{"href":"https:\/\/gite-du-vixard.com\/index.php\/wp-json\/wp\/v2\/types\/page"}],"author":[{"embeddable":true,"href":"https:\/\/gite-du-vixard.com\/index.php\/wp-json\/wp\/v2\/users\/1"}],"replies":[{"embeddable":true,"href":"https:\/\/gite-du-vixard.com\/index.php\/wp-json\/wp\/v2\/comments?post=153"}],"version-history":[{"count":14,"href":"https:\/\/gite-du-vixard.com\/index.php\/wp-json\/wp\/v2\/pages\/153\/revisions"}],"predecessor-version":[{"id":264,"href":"https:\/\/gite-du-vixard.com\/index.php\/wp-json\/wp\/v2\/pages\/153\/revisions\/264"}],"wp:attachment":[{"href":"https:\/\/gite-du-vixard.com\/index.php\/wp-json\/wp\/v2\/media?parent=153"}],"curies":[{"name":"wp","href":"https:\/\/api.w.org\/{rel}","templated":true}]}}